
Calculate the remainder when 3418 is divided by 171.
169
What is the remainder when 9583 is divided by 435?
13
Calculate the remainder when 341243 is divided by 695.
693
What is the remainder when 1572367 is divided by 808?
807
Calculate the remainder when 1249048 is divided by 416322.
82
What is the remainder when 758 is divided by 57?
17
What is the remainder when 1309442 is divided by 118?
114
Calculate the remainder when 12647 is divided by 207.
20
Calculate the remainder when 3237 is divided by 79.
77
What is the remainder when 4404 is divided by 912?
756
What is the remainder when 28286 is divided by 44?
38
What is the remainder when 4855 is divided by 212?
191
What is the remainder when 52615 is divided by 7514?
17
What is the remainder when 3626 is divided by 1186?
68
Calculate the remainder when 174426 is divided by 101.
100
What is the remainder when 7588 is divided by 304?
292
What is the remainder when 3450 is divided by 20?
10
Calculate the remainder when 61511 is divided by 312.
47
Calculate the remainder when 2302 is divided by 16.
14
Calculate the remainder when 2501 is divided by 993.
515
What is the remainder when 351654 is divided by 7482?
0
What is the remainder when 3522 is divided by 176?
2
What is the remainder when 8591 is divided by 411?
371
What is the remainder when 17591 is divided by 544?
183
Calculate the remainder when 25905607 is divided by 86.
85
Calculate the remainder when 1132 is divided by 370.
22
Calculate the remainder when 89281 is divided by 423.
28
What is the remainder when 31318 is divided by 87?
85
What is the remainder when 1201 is divided by 396?
13
Calculate the remainder when 9576 is divided by 1508.
528
Calculate the remainder when 1816 is divided by 162.
34
Calculate the remainder when 28386 is divided by 13969.
448
Calculate the remainder when 1230 is divided by 155.
145
Calculate the remainder when 472469 is divided by 826.
823
What is the remainder when 65744 is divided by 1016?
720
Calculate the remainder when 510477 is divided by 360.
357
What is the remainder when 14600 is divided by 356?
4
Calculate the remainder when 29773 is divided by 10.
3
Calculate the remainder when 3059 is divided by 636.
515
Calculate the remainder when 28868 is divided by 7216.
4
What is the remainder when 97785 is divided by 1746?
9
What is the remainder when 31609 is divided by 2107?
4
What is the remainder when 19651 is divided by 9809?
33
What is the remainder when 4532 is divided by 182?
164
Calculate the remainder when 1097760 is divided by 1411.
2
What is the remainder when 25693 is divided by 176?
173
What is the remainder when 40348 is divided by 13436?
40
What is the remainder when 811780 is divided by 136?
132
What is the remainder when 1913 is divided by 12?
5
Calculate the remainder when 5266 is divided by 310.
306
What is the remainder when 1188 is divided by 499?
190
What is the remainder when 168538 is divided by 265?
263
Calculate the remainder when 4250 is divided by 2121.
8
What is the remainder when 2095 is divided by 5?
0
Calculate the remainder when 2251061 is divided by 41.
38
Calculate the remainder when 25304 is divided by 294.
20
Calculate the remainder when 59623 is divided by 68.
55
Calculate the remainder when 6385 is divided by 2123.
16
Calculate the remainder when 1632 is divided by 517.
81
What is the remainder when 4562 is divided by 173?
64
What is the remainder when 15535 is divided by 377?
78
Calculate the remainder when 147613 is divided by 105.
88
Calculate the remainder when 57878 is divided by 57868.
10
What is the remainder when 88703 is divided by 365?
8
Calculate the remainder when 22268 is divided by 2226.
8
Calculate the remainder when 104972 is divided by 20.
12
Calculate the remainder when 70165 is divided by 196.
193
What is the remainder when 431436 is divided by 51?
27
Calculate the remainder when 19634 is divided by 366.
236
What is the remainder when 787 is divided by 237?
76
Calculate the remainder when 81691 is divided by 73.
4
What is the remainder when 32959 is divided by 28?
3
What is the remainder when 43908 is divided by 28?
4
Calculate the remainder when 2395 is divided by 411.
340
What is the remainder when 17822 is divided by 1994?
1870
What is the remainder when 29243 is divided by 9747?
2
What is the remainder when 35594 is divided by 45?
44
Calculate the remainder when 9299 is divided by 134.
53
What is the remainder when 31854 is divided by 85?
64
What is the remainder when 12920 is divided by 193?
182
What is the remainder when 83346 is divided by 327?
288
What is the remainder when 102395 is divided by 107?
103
What is the remainder when 99277 is divided by 365?
362
Calculate the remainder when 2913 is divided by 267.
243
Calculate the remainder when 289 is divided by 41.
2
Calculate the remainder when 11764 is divided by 104.
12
What is the remainder when 93157 is divided by 318?
301
What is the remainder when 5048 is divided by 1911?
1226
Calculate the remainder when 10580 is divided by 46.
0
Calculate the remainder when 803 is divided by 764.
39
What is the remainder when 996618 is divided by 29312?
10
Calculate the remainder when 14022754 is divided by 51.
49
What is the remainder when 2308 is divided by 798?
712
What is the remainder when 67804 is divided by 67703?
101
Calculate the remainder when 32269 is divided by 1655.
824
Calculate the remainder when 865522 is divided by 44.
42
What is the remainder when 3102 is divided by 72?
6
What is the remainder when 92789 is divided by 30920?
29
What is the remainder when 1641 is divided by 17?
9
Calculate the remainder when 55967 is divided by 132.
131
What is the remainder when 78407 is divided by 115?
92
Calculate the remainder when 323 is divided by 136.
51
What is the remainder when 637 is divided by 279?
79
Calculate the remainder when 15816 is divided by 1984.
1928
Calculate the remainder when 57808 is divided by 94.
92
What is the remainder when 642567 is divided by 124?
123
Calculate the remainder when 2024 is divided by 13.
9
What is the remainder when 183727 is divided by 11?
5
Calculate the remainder when 9047 is divided by 9041.
6
What is the remainder when 118681 is divided by 90?
61
Calculate the remainder when 48234 is divided by 45.
39
Calculate the remainder when 3439 is divided by 507.
397
Calculate the remainder when 6078 is divided by 357.
9
Calculate the remainder when 27101 is divided by 1434.
1289
What is the remainder when 7913 is divided by 437?
47
Calculate the remainder when 34340 is divided by 304.
292
What is the remainder when 603292 is divided by 120655?
17
Calculate the remainder when 7471 is divided by 34.
25
Calculate the remainder when 1512 is divided by 69.
63
What is the remainder when 198167 is divided by 99083?
1
Calculate the remainder when 4068 is divided by 30.
18
Calculate the remainder when 127704 is divided by 347.
8
What is the remainder when 968 is divided by 408?
152
What is the remainder when 3341 is divided by 1110?
11
Calculate the remainder when 154788 is divided by 25.
13
What is the remainder when 75444 is divided by 980?
964
What is the remainder when 799684 is divided by 23?
20
Calculate the remainder when 2345979 is divided by 28.
27
What is the remainder when 11680 is divided by 605?
185
Calculate the remainder when 15514 is divided by 3086.
84
Calculate the remainder when 153374 is divided by 9.
5
What is the remainder when 92085 is divided by 92064?
21
What is the remainder when 16595 is divided by 5519?
38
Calculate the remainder when 1330147 is divided by 925.
922
Calculate the remainder when 65 is divided by 19.
8
What is the remainder when 35141 is divided by 41?
4
Calculate the remainder when 94472 is divided by 24.
8
Calculate the remainder when 142216 is divided by 404.
8
What is the remainder when 69845 is divided by 62?
33
What is the remainder when 30890 is divided by 57?
53
What is the remainder when 7643 is divided by 2961?
1721
Calculate the remainder when 1971 is divided by 104.
99
Calculate the remainder when 50507 is divided by 21.
2
Calculate the remainder when 6895 is divided by 114.
55
What is the remainder when 30148 is divided by 437?
432
What is the remainder when 12064 is divided by 1022?
822
Calculate the 